 194 - 194. Suppose 3*q = 4*n - 18, r = 2*n - 0*n - q - 8. Let o(v) = 2*v + 1. Give o(n).
7
Let k(a) = 10*a**2 - 122*a + 20. Let n = 7457 - 7445. What is k(n)?
-4
Let l(y) = -y + 10. Let n = -3479 - -3476. Give l(n).
13
Let b(h) = 6*h - 26 + 107 + 4 - 53. Determine b(-12).
-40
Let m(h) = 2*h - 37. Suppose 2*q + 969 - 1029 = -2*q. What is m(q)?
-7
Let m(d) = d**3 - d**2 - d + 1. Let l be m(-2). Let c(h) = -h + 19. Let q be c(l). Let g(b) = -q*b - 38*b + 63*b + 1. What is g(-4)?
13
Let y be (7 - (7 + 2)) + 124. Let t(x) = 2*x + 235 - 121 + x**2 - y. What is t(0)?
-8
Suppose 59 = 16*y + 43. Let n(r) = 2 + 0*r - y + 87*r**2 + r - 86*r**2. Let a = -4 + 2. Give n(a).
3
Let a(n) = n**2 + n - 1. Let q = -3 - -5. Let c(f) = -f**2 - 2*f + 1. Let l(y) = q*c(y) + 3*a(y). Suppose -180*g - 9 = 2*z - 179*g, -2*z = -g - 5. Give l(z).
1
Let o(v) = 739 + 740 - v**2 - 2975 + 745 + 746. Let d(w) = w + 2. Let z be d(-2). Give o(z).
-5
Let s(q) = 16*q**2 + q + 4. Let v be s(0). Let b(i) = i**3 - 3*i**2 - 5*i + 9. What is b(v)?
5
Let w = -57 - -63. Suppose -2*i = 2*b - 12, -w*i + 18 = -3*i - 2*b. Let f(z) = -6*z**3 - 5*z**3 - z**3 + i + z + 13*z**3. Give f(0).
6
Let o(i) be the second derivative of i**7/2520 + 11*i**6/720 + 3*i**5/10 - 113*i**4/12 - 4*i + 19. Let y(r) be the third derivative of o(r). Calculate y(-6).
6
Let r = -553 + 553. Let s(a) = r*a + 50223*a**2 - 1 - 50224*a**2 - 3*a. Suppose -16 = 5*h + 4. Determine s(h).
-5
Let i(y) = y + 6. Let n(z) be the first derivative of -z**2/2 - 8*z - 60. Let f(d) = -2*i(d) - 3*n(d). Calculate f(9).
21
Let o = 394 - 392. Suppose 0 = 2*r - o*b - 4, -2*b = -3*r + 1 + 6. Let q(m) = -m + 9. Determine q(r).
6
Let f be 2/(-6) - 488/(-6). Suppose -3*x - 3*v - 69 = 180, -3*x - 246 = 2*v. Let u = f + x. Let h(t) = t**2 + 2*t - 1. Calculate h(u).
2
Let g(z) = -z**2 + 6*z + 675. Let u be g(-23). Let b(n) = 2*n**2 - 17*n - 4. What is b(u)?
-12
Let r(y) = -y**3 + 11*y**2 - 8*y - 7. Let d(a) = a + 20. Let n be d(-14). Suppose -4*l = -n*l + 20. Give r(l).
13
Let q(v) = v**2 + v + 3. Let t = 76 + -63. Suppose w - t = 5*p, 2*w + w = 2*p + 13. Suppose w*g = -5 + 5. Give q(g).
3
Let t(v) = 23*v + 48. Let m = 32228 - 32230. Calculate t(m).
2
Let v(s) = 3*s**2 + 25*s + 1. Let u(p) = p**2 + 12*p. Let a(j) = -5*u(j) + 2*v(j). Let b be 2 + 12 + (-10)/1. What is a(b)?
-22
Suppose g - 3*q = 21, -8*g = -12*g + 2*q + 44. Let m(u) = -u**3 + 2*u**2 - g*u - 3*u**2 - 2*u**2 + 2*u + 2 + 4*u. Calculate m(-3).
11
Let x(k) = 31*k**3 + 12*k**2 - 25*k + 36. Let j(y) = 22*y**3 + 8*y**2 - 17*y + 24. Let n(r) = 7*j(r) - 5*x(r). What is n(-5)?
-17
Let i(x) be the first derivative of x**3/3 + 9*x**2/2 + 17*x - 2138. Determine i(-2).
3
Let a(q) = -q + 12. Suppose -19*y = -21*y - 4. Let m(c) = 2. Let j(g) = y*a(g) + 14*m(g). What is j(4)?
12
Let j(m) = -4*m - 22. Let t be j(-28). Let g(r) = -101 + 201 - r**3 + 2*r - t - 3*r + 7*r**2. What is g(7)?
3
Suppose 4*g + g + 8 = 4*l, -3*l + g + 6 = 0. Let r(i) = 3*i**3 + 6*i**2 - 8*i - 4. Let s(a) = a**3 + a**2 - 2*a - 1. Let f(k) = l*s(k) - r(k). Give f(-4).
-14
Suppose 16*g + 37 = 133. Let h(d) = -g*d + 2*d + 69 - 73. Calculate h(6).
-28
Let y(n) be the first derivative of -4*n**3 + 4. Let c(f) = 162*f - 811. Let b be c(5). What is y(b)?
-12
Let q(o) be the first derivative of -13 + 9*o - 5/2*o**3 - 3/2*o**2. Let l(u) be the first derivative of q(u). Calculate l(-2).
27
Suppose 0 = y + y - 2*f - 8, 8 = 3*y + f. Let l(r) be the first derivative of -r + y*r + r**2 - 4 + 0 - r. Give l(-4).
-7
Let t(f) be the first derivative of f**3/3 + f - 2. Let h(b) = -b**3 + 3*b**2 + 3*b + 1. Let z = -372 + 376. Let i be h(z). Give t(i).
10
Let a be ((-10)/4)/(195/(-10) - -20). Let p(k) = -2*k**3 - 12*k**2 + k + 54. Calculate p(a).
-1
Let o(l) be the third derivative of 0*l + l**2 + 0 - 2/3*l**3 + 1/12*l**4. Let z be ((-1924)/39)/(-37) + 24/9. Calculate o(z).
4
Let o(k) = 8*k**3 - 28*k**2 - 152*k - 135. Let v(i) = 11*i**3 - 42*i**2 - 212*i - 202. Let x(t) = -7*o(t) + 5*v(t). What is x(-15)?
100
Let c(d) = 12*d**3 + d**2. Let n = 6658 - 6657. Determine c(n).
13
Let g(l) = -44*l + 83. Suppose -88*k - 12 = 2*i - 84*k, 3*i - 18 = 3*k. Determine g(i).
-5
Let g be (-2)/(-7) + 1441/77. Suppose -g*n + 15*n = 2*m + 12, -17 = -3*n + 5*m. Let x(t) = -7*t**3 + t**2 - t - 2. Determine x(n).
7
Let l(a) = 39*a + 1. Let g(w) = -27*w + 1997. Let x be g(74). Determine l(x).
-38
Let h(y) = 2*y + 14. Let a be h(-6). Let c(s) = 0*s - 108*s**2 + 316*s**2 - 107*s**2 + 2*s - 1 - 106*s**2. Give c(a).
-17
Let r(l) = -70*l**2 + 87*l + 71*l**2 - 3 - 100*l. Give r(4).
-39
Let f(i) = 5*i**3 + 28*i**2 - 16*i - 24. Let a be f(-6). Suppose n - 3*p - 14 = 0, 3*n - 15 = 4*p + 7. Let u(y) = -4 + 3*y**2 - 3*y**2 + y**n - 3. What is u(a)?
-7
Let v = -14 + 7. Let j(l) = 8 + 10 - 3 + 3573*l - 1784*l - 1788*l. What is j(v)?
8
Let q(r) = 11*r + 7. Let o(w) = 6*w + 3. Let v(u) = 7*o(u) - 4*q(u). Suppose -g = -3*g + 12. Suppose -26 = 4*x - g. What is v(x)?
3
Let s(n) = -3*n**2 + 79*n + 53. Suppose 268*w = 260*w + 216. What is s(w)?
-1
Suppose c = 5*a - 8, 3*c = -0*c + 5*a - 14. Let q(o) = 41*o**2 - 13*o**2 - 14*o**2 + 1 - 12*o**2 + 0*o + o**3 - 2*o. Determine q(c).
-2
Let a(f) be the first derivative of 8*f + 0*f**2 + 1/6*f**3 + 5/6*f**4 + 5. Let l(y) be the first derivative of a(y). Determine l(-1).
9
Let l(x) = -28*x - 12. Let m(d) = -d**2 - 8*d - 4. Let i be m(-8). Calculate l(i).
100
Let j(m) = m**3 - 11*m**2 + 9*m + 12. Let u be ((-2)/(-10))/(4/20)*4. Suppose u*o = 8*o - 40. Calculate j(o).
2
Let m(b) be the first derivative of b**3/3 - 13*b**2/2 - 17*b - 6278. Calculate m(13).
-17
Let l(k) = k**2 - 171*k - 164. Let w(i) = -68*i - 64. Let z(t) = -5*l(t) + 13*w(t). Calculate z(-5).
8
Let b(w) = -w**3 + 16*w**2 - 16*w + 12. Suppose -1191 = -4*v + 5*j, 847 - 249 = 2*v - 2*j. Suppose -15*y = 79 - v. Determine b(y).
-3
Let z(d) = -d**2 + 15*d - 16. Let h = 907 - 895. Determine z(h).
20
Let c(t) = 11*t**2 + 1. Let q = 317 - 515. Let s be q/(-126) - (-8)/(-14). Give c(s).
12
Let x be (3/(-12))/(1 - 56/48). Let u(d) be the second derivative of -12*d + 1/3*d**3 + x*d**2 + 0 + 1/12*d**4. Calculate u(-2).
3
Let h(y) = -y**3 + 3*y**2 + 3*y - 4. Suppose 0 = 5*a + 3*w - 2412, 5*a - 3*w = 1055 + 1333. Suppose -2*u + 8*u = -a. Let i = u + 84. Calculate h(i).
-8
Let i be (4 - 5)/((-1)/2). Let y(x) = 8*x + i*x**2 - 13*x - 1 - 3*x**2. Let o be 4/(-40) - 59/10. Determine y(o).
-7
Let i be 784/(-32) + (-1 - 9/(-6)). Let n = 31 + i. Let o(z) = -2*z + 17. Calculate o(n).
3
Let j(s) = s**3 - 2*s**2 - 2. Suppose 4*z - 80 = 4*k + 320, 4*z + k = 380. Suppose 44 = 2*v - z. Let f = v - 68. What is j(f)?
-2
Suppose 0 = -9781*k + 9798*k. Let w(u) = -u**2 - 13*u - 2. What is w(k)?
-2
Suppose -16 = l - 5*l. Suppose 5*c - 2*z + 35 = 2*z, 3*z = -l*c - 28. Let h(b) = 2589*b - 1299*b - 1291*b - 1. Calculate h(c).
6
Let d(x) = -2*x + 3. Suppose 7*n - 166 = 11*n - p, -3*p = n + 35. Let f be -1*2*n/82. Calculate d(f).
1
Let b be 2/7 + (3 - 10/(-14)). Suppose -14 = 2*u - b*u. Let p(s) = 2 - 2*s + 8*s - u*s. Calculate p(-6).
8
Suppose 2*k - 2*o + 103 = k, -4*k - 3*o - 368 = 0. Let w = 100 + k. Let y(u) = -u + 1. Let h(n) = -4*n + 2. Let r(q) = h(q) - y(q). Determine r(w).
-14
Suppose -324 = o - 331. Let n(i) be the third derivative of -i**5/60 + i**4/3 + 5*i**3/6 + 4*i**2. What is n(o)?
12
Let u(v) = -2*v**2 + 4. Let c(l) = l + 241 - 241. Let n(p) = 2*c(p) - u(p). Let x = -2 - -5. What is n(x)?
20
Let x(c) be the second derivative of c**3/6 + 13*c**2/2 - 214*c - 9. Suppose h + 3*w = -6, -h - 2*w + 0*w = 7. Give x(h).
4
Let p(j) = -77*j - 406. Let l be p(-6). Suppose 250 = -7*n + 2*n. Let k = l + n. Let d(v) = v**2 - 9*v - 3. Determine d(k).
-21
Suppose 97*q = 100*q - 12. Let u(r) = 25*r**2 - r + 5. Let z(g) = 9*g**2 + 2. Let i(o) = q*u(o) - 11*z(o). Let y = 4 + 1. Calculate i(y).
3
Suppose -4*a - 4 - 4 = -4*q, -2*q + 14 = -4*a. Let x(y) = 2*y - 4. Let l(s) = 3*s - 5. Let u(w) = a*l(w) + 7*x(w). Suppose -4*z + 18 = -6*z. Give u(z).
6
Let v(u) = -2*u**3 + u**2 - u + 2. Suppose -64 + 762 = 349*t. Determine v(t).
-12
Let a(z) be the first derivative of 5*z**3/3 + z - 17559. Let s = -2 - -3. Let y = s - 2. Give a(y).
6
Let s(l) = -19*l - 23*l + l**3 + 97*l + 5*l**2 - 30*l + 36 - 23*l. What is s(-6)?
-12
Let o(b) 